 common divisor of 117 and u?
9
Let g = -555 - -558. Calculate the highest common factor of 30 and g.
3
Suppose -2*u = -3*i - 1905, 1622 = 4*u - 4*i - 2178. What is the greatest common divisor of u and 63?
63
Let b = -35 - -59. Let h = 62 - b. What is the highest common factor of h and 57?
19
Let w(l) = 5*l - 3. Let i be w(6). Let f = 29 + -11. What is the highest common factor of f and i?
9
Let b(j) = 3*j - 2. Let a be b(2). Let s(i) = -i**2 - 11*i + 10. Let f be s(-6). Suppose -8*w - 2*w = -f. Calculate the greatest common divisor of w and a.
4
Let j(c) = c**2 + 3*c - 7. Let z be j(-5). Suppose 0 - z = -n. Suppose 28*y = -247 + 1003. Calculate the highest common divisor of n and y.
3
Let q be 352/5 + (-4)/10. Suppose 3 = 8*s - 43 - 34. Calculate the highest common divisor of q and s.
10
Suppose 21*v - 3*w = 16*v + 50, 5*v - 50 = -2*w. Let s be (-1)/(-3) - 148/(-6). Calculate the greatest common factor of v and s.
5
Suppose 29*k = -14*k + 688. Suppose 12 = 3*i - 0*i. What is the greatest common factor of i and k?
4
Suppose 3 = 4*w - w, -5*n + 17 = -3*w. What is the highest common factor of n and 52?
4
Suppose -26*l + 4*l + 67716 = 0. Calculate the highest common divisor of l and 18.
18
Let u(l) = -4*l**3 + 4*l - 3. Let j be u(1). Let c be (-1)/((0 + j)/(-9)) + 33. Calculate the greatest common divisor of 3 and c.
3
Suppose -2*l - 3*l - 75 = 0. Let c be 1 + 3*8/(-4). Let n be ((-12)/(-3))/(c/l). Calculate the highest common divisor of 48 and n.
12
Let t = 5 - 1. Let u be (-2)/4 + 451/82. Suppose 7*j - 4*j - 433 = 4*i, 0 = t*j - u*i - 577. Calculate the greatest common factor of 13 and j.
13
Suppose 5*p - 4*r = 1345, 3*p - 4*p = -r - 269. Suppose 0 = -4*z + 4, -3*l + 0*l - 5*z + p = 0. What is the highest common factor of 8 and l?
8
Suppose u = 3*a - 48, 7*a - 2*a = 5*u + 80. Calculate the highest common factor of 80 and a.
16
Let j be (-1)/(((-2)/(-1))/(-4)). Suppose r = -j*x + 2, 0 = r - x - 3*x - 20. Calculate the highest common divisor of r and 56.
8
Suppose -11 = -0*x - 3*x - 4*a, 5*x - 5*a - 65 = 0. Calculate the highest common factor of 9 and x.
9
Let l be (-4)/(-10)*(5 - 0). Suppose -l*h = -73 - 5. Suppose -4*b - 2*o + 75 + 23 = 0, -2*b + 4*o + 64 = 0. What is the highest common factor of b and h?
13
Suppose -4*h + 0*x + 2*x = -10, -h = -2*x + 2. Suppose 260 = 4*j - 2*y, h*y - 51 = -j + y. Calculate the highest common divisor of j and 36.
9
Let g(s) = -s. Let y(a) = -4*a + 24. Let t be y(10). Let m be g(t). What is the greatest common factor of m and 4?
4
Suppose -3*k = 12, 2*k + 11 + 192 = 5*t. What is the highest common divisor of 26 and t?
13
Let h = -22 - -34. Calculate the highest common divisor of h and 108.
12
Suppose -2*m = -0*m - 2. Let n(h) = 2*h**2 - 4*h + 4. Let z be n(3). Let q = 11 - z. What is the greatest common factor of q and m?
1
Let u(z) = z**2 + 7*z + 10. Let j be u(-6). Let h be (j + 5)/(2/2). Let c = 112 + -49. Calculate the highest common divisor of c and h.
9
Let k be ((-11)/5)/((-54)/2700). Calculate the greatest common factor of k and 242.
22
Let v(u) = -4*u - 3. Let d be v(-2). Suppose 38 = d*h - 22. Let q = -261 - -309. Calculate the greatest common factor of h and q.
12
Let t(r) = -r**3 - 15*r**2 + 16*r + 19. Let d be t(-16). Let a = 44 - d. What is the greatest common divisor of 25 and a?
25
Let t(k) = -10*k - 2. Let s(d) = 51*d + 11. Let z(y) = 4*s(y) + 22*t(y). Let q be z(-1). What is the highest common factor of q and 128?
16
Let w = -501 + 1237. What is the highest common divisor of 23 and w?
23
Let t(i) = -25*i**2 - i - 1. Let z be t(-1). Let h be (1 - 0)*-2 + (z - -28). Calculate the greatest common divisor of 8 and h.
1
Suppose -3*j = o - 561, -2*j + 177*o - 179*o + 378 = 0. What is the highest common factor of 30 and j?
6
Let v(y) be the second derivative of y**3/3 - 5*y**2 - 8*y. Let w be v(7). Suppose t + 90 = w*t. Calculate the highest common divisor of 240 and t.
30
Let t be (-3)/(-12) + (-38)/(-8). Suppose 3*w = -4*x + 89, 7*x = -2*w + t*x + 56. What is the greatest common divisor of 92 and w?
23
Let i(l) = 36*l + 537. Let m be i(-14). What is the highest common divisor of 891 and m?
33
Let t(m) = -m + 10. Let y be t(0). Let j be (-1 - (-7)/4)*4. Suppose -v - j*v = -120. What is the highest common divisor of v and y?
10
Let z(s) = 17*s - 54. Let m be z(12). What is the highest common divisor of m and 24?
6
Suppose -4*a + 6 = 18. Let w be 1/1 + 1 + a. Let d be -2 + w + 0 - -6. Calculate the greatest common factor of d and 24.
3
Let d = 341 + -317. Calculate the greatest common factor of 60 and d.
12
Let t = -87 - -144. Let b = t + -54. Let f be (0 - 3/(-2))*22. Calculate the highest common divisor of b and f.
3
Let g = -104 - -109. Let d(m) = 54*m + 10. Let l be d(g). Calculate the highest common factor of l and 35.
35
Suppose 2 = p + 3. Let y be (-11)/((-2)/(-3) + p). What is the greatest common divisor of y and 99?
33
Let p be (140/(-420))/((-109)/108 + 1). Calculate the highest common divisor of p and 27.
9
Suppose -2*b - 3*b = -10. Let m be ((-2)/(-6))/(44/24 - 2). Let f be (4 + -2 - (-35)/(-10))*m. Calculate the greatest common divisor of b and f.
1
Let u(c) = c**3 + 9*c**2 + 5*c - 6. Let m be u(-8). Let k be 13*(270/65 + -4). Calculate the highest common divisor of k and m.
2
Let c = 939 + -686. Calculate the greatest common factor of c and 11.
11
Suppose 0 = -3*g - 5*o + 711, -5*g + 1157 = -5*o + 4*o. Calculate the highest common factor of 32 and g.
8
Suppose 4*y - 6 - 2 = 0. Suppose d = 5*k - 178, 5*k - y*k - 3*d - 102 = 0. Let j = 229 + -139. What is the greatest common factor of k and j?
18
Let z = -42 - -45. Suppose 0 = -3*h - 3*x + 645, 0 = -2*x - 1 - z. What is the highest common factor of h and 31?
31
Suppose -3*i + 196 = -8. Let v(o) = -5*o**2 + o - 3. Let d be v(-2). Let x = -8 - d. Calculate the highest common divisor of i and x.
17
Let u(b) = -40*b**3 + 318*b**2 + 19*b - 4. Let k be u(8). Let m(z) = 2*z**2 - 2. Let y be m(-4). Calculate the greatest common factor of k and y.
10
Let m be -7 + 4*1/1. Let i be 26 + 1/(1/m). Let f = i + -17. Calculate the highest common factor of 2 and f.
2
Let h = -33 + 44. Suppose -u - h = 4*a - 185, 2*u - 2*a - 308 = 0. Suppose 0*d = v - 2*d - 60, -u = -3*v - 5*d. Calculate the highest common divisor of v and 7.
7
Let y be 2/(-3)*(5 + 1640/(-16)). Calculate the greatest common divisor of 13 and y.
13
Suppose 49*s - 38*s = 275. Calculate the greatest common factor of 100 and s.
25
Suppose 17*t - 884 = 238. What is the greatest common factor of t and 528?
66
Let j be 4/(-2) - -10 - (-2 + 6). Calculate the highest common factor of 35 and j.
1
Suppose 4*n + 0*g + 2*g + 18 = 0, -3*g - 6 = -n. Let c be ((-222)/(-8) - 2) + n/(-12). What is the greatest common factor of c and 78?
26
Let u = -746 - -1156. Calculate the greatest common factor of 10 and u.
10
Let q = 10 + -5. What is the highest common factor of 95 and q?
5
Let s be 5/((-15)/6) - 2. Let n be (s/(-3))/((-4)/(-66)). Let m be ((-22)/4)/(3/(-30)). Calculate the greatest common factor of n and m.
11
Suppose 4*q - q + 3 = 0, 0 = -5*x + 2*q + 8217. What is the highest common divisor of 53 and x?
53
Let s = 193 + -17. Suppose -4 = m + 5*f - 10, -4*m + 66 = -f. Calculate the greatest common factor of m and s.
16
Suppose 6*o - 8*o - 4*b + 90 = 0, 5*o + 4*b - 249 = 0. What is the greatest common divisor of o and 1325?
53
Let r(j) = j**2 - 5*j + 13. Let z be r(6). Suppose -376 = -3*q - z. Calculate the highest common factor of q and 17.
17
Suppose 0 = b - 0 - 2. Suppose -4*r - 16 = 4*u, 5*u + 23 = -b*r - 0. What is the greatest common divisor of 2 and r?
1
Let h(k) = 7*k**2 + 13*k - 10. Let f be h(3). What is the highest common divisor of 2116 and f?
92
Suppose 0 = 2*r - 8, -2*o - 5*r + 96 = -6*o. Let c = 30 + o. Suppose 2*n - 11 = 3*k, 5*n + k - 8 = c. What is the greatest common divisor of 6 and n?
2
Suppose -5*a + 26 = 5*y + 6, -2*y - 27 = -5*a. Let j = a + 1. Calculate the highest common factor of 54 and j.
6
Suppose 4*p - 39 = -3*o, -4*p = -2*o - 3*p + 15. Suppose 4*s - 4*f - 44 = 0, 5*s + 6*f - f - 35 = 0. Calculate the greatest common factor of o and s.
9
Suppose 0 = 5*f - 5, -3*q - 2*f = 3*f + 13. Let w(v) = 7 + 0*v - 7*v + 8*v. Let h be w(q). Calculate the greatest common factor of 11 a